y) be the third derivative of -y**5/60 + 5*y**4/24 - y**3/3 + y**2. Let w = -21 + 24. What is b(w)?
4
Suppose 7*b - 3*b - 5*u = -10, -b + 2*u - 4 = 0. Let w(n) be the third derivative of n**6/120 - n**5/60 + 5*n**3/3 - n**2. Calculate w(b).
10
Let m(z) be the third derivative of z**6/120 - z**5/15 + z**4/12 - 2*z**3/3 - 13*z**2. Give m(3).
-7
Let i(y) = -y + 36. Let a be i(0). Suppose -4*m + 12 = 2*r, 0*m + 4*r + a = 4*m. Let p(g) = -3*g - 7. Let l(d) = -d. Let v(n) = 6*l(n) - p(n). What is v(m)?
-8
Let u(m) = m**2 - 27 + 7 - 350*m + 351*m. Determine u(0).
-20
Let c(g) = -7*g**2 + 2*g - 1. Let j be c(1). Let t = j + 3. Let u(z) = -2*z - 2. Let y(p) = -4*p - 3. Let s(h) = 5*u(h) - 2*y(h). Calculate s(t).
2
Let x(o) = -o**2 - 6*o + 4. Let t be (-72)/10 + 1/5. Determine x(t).
-3
Let z(g) = g - 1. Suppose -5*q + 0*q - 20 = 0, q + 5 = -m. Let l be 1/2*-2*m. Calculate z(l).
0
Suppose k = l - 1 + 5, -3*l - 15 = -4*k. Let v(b) = b + k*b - 5 + 4. Give v(3).
11
Let l(r) = 0*r**2 - 1 + r**2 - 12*r**3 + 2*r + 0*r**2 + 2. Give l(-1).
12
Let s(n) = n + 11 - 8 + 0*n. Determine s(5).
8
Let u(p) = -p + 9. Let v be u(6). Let z(b) = -b + 1. Let c be z(v). Let t(i) = 4*i. Determine t(c).
-8
Let q(k) = k**3 + 6*k**2 + 5*k - 7. Let l = 13 + -18. Let n = -10 - l. What is q(n)?
-7
Let g(s) = s - 8. Let w be ((-60)/(-72))/(-2 + (-26)/(-12)). Give g(w).
-3
Suppose -4*m - 6 = -5*s - 3, 4*m + 13 = -5*s. Let a(n) = n**2 + n - 4. Let z(b) = -1. Let h(p) = a(p) - 5*z(p). Give h(m).
3
Let x(z) be the first derivative of z**4/4 - 7*z**3/3 - 9*z**2/2 + z - 6. What is x(8)?
-7
Let k(o) = -5*o - 4. Let f = -45 - -42. Determine k(f).
11
Suppose 3*z = -o + 3*o + 51, 34 = 2*z - 5*o. Suppose 4*d - 4*x = 3*d + z, -3*x = d + 11. Let r(h) = 11*h**2 - 1. Give r(d).
10
Let l(z) = -z**2 + 4*z + 1. Let a be l(4). Suppose 3*b - 2*m = 4, 0*m = -3*b + m - a. Let x = -4 - b. Let y(d) = 2*d**2 + 2*d - 2. What is y(x)?
2
Let o(v) = 3*v**2 + v - 4. Suppose 60 = 4*r + 48. Calculate o(r).
26
Let o(w) be the second derivative of w**6/120 + w**5/30 - w**4/6 + w**3/6 + 5*w**2 + w. Let i(v) be the first derivative of o(v). Give i(-3).
4
Let g(s) = -s**2 - 3*s - 4. Let z(r) = -2*r**2 - 3*r - 5. Let l(n) = -3*g(n) + 2*z(n). Give l(3).
2
Let x(i) = i**3 + i**2 - i. Let v(n) = n**3 - 4*n**2 + 3*n - 2. Suppose -4 = -0*u + 4*u. Let a be 3/(-1*u/1). Let p be v(a). What is x(p)?
-2
Let r = -64 - -65. Suppose 5*g = 3*i - 26, 4*i - 4*g - 2 = 22. Let k(j) = 5*j**3 + 1 + 2*j**2 - i*j**2. Calculate k(r).
6
Let k be 1 - (2 + -2)*-1. Suppose s + k = -0. Let u(z) = 8*z**2 + z. What is u(s)?
7
Let q(z) = -5*z**2 + 9*z**3 - 15*z**3 + 7*z**3 - 5*z - 6. Let i be q(6). Let o(c) = -c**3 - c + 14. Give o(i).
14
Let c(n) = 3*n. Let i(z) = z**2 + z - 2. Let a be i(0). Let w = a - -4. Suppose -2*m + 3*r + 2 = r, 0 = w*m + 3*r + 8. Determine c(m).
-3
Let j(k) be the first derivative of -k**3/3 - k**2/2 + 2*k + 18. Calculate j(0).
2
Let j(s) = -s**2 + 2*s + 4. Suppose 5*q = 25 - 10. Let z be j(q). Let h(a) = 1 - a**2 - a**2 + z. Determine h(-2).
-6
Let y(v) be the second derivative of -v**6/360 + v**5/120 + v**4/24 - v**3/2 - v. Let w(l) be the second derivative of y(l). What is w(-2)?
-5
Let j(r) = -r. Let o(v) = -4*v - 2. Let p(x) = x - 2. Let a be p(1). Let t be ((-2)/2 - -2)/a. Let b(u) = t*o(u) + 5*j(u). Determine b(5).
-3
Let j(v) = 6*v**2 + 3*v - 14. Let m(i) = 0*i + 0*i + 5 - i - 3*i**2 + i**2. Let l(u) = -3*j(u) - 8*m(u). What is l(-2)?
-4
Let o(s) = 7*s - 7*s + 2*s**3 + 3*s - 4*s**2. Let u = 4 + -2. Determine o(u).
6
Let i(j) = j**2 + 3*j - 3. Let y(b) = b - 11. Let c be y(6). Let x = -13 - c. Let h be 30/x + 3/(-12). Determine i(h).
1
Let x(c) be the first derivative of -c**3/3 - c**2/2 + 4*c - 19. What is x(0)?
4
Let v(h) = 0 + 1 - h - 5*h + 16*h**2 - 15*h**2. Suppose -t = 5*w - 32, -3*t - 5 - 19 = -5*w. What is v(w)?
1
Let q(i) = -7*i**3 + 5*i**3 - 5 + 6*i**2 + i + i**3. What is q(6)?
1
Let n(r) = 5*r - r**2 + 5 + 4*r**3 - 5*r**2 - 3*r**3. Let c = 12 - 7. Determine n(c).
5
Let b(x) = x**2 - 9*x + 2. Suppose -24 = -4*v + 2*f, 3*v - 11 = -5*f + 33. Calculate b(v).
-6
Let l(s) = 66 + 2*s**2 - 3*s**2 - 65 - 7*s. What is l(-7)?
1
Suppose -5*i = 5*m - 5, -2*i + 2 = 2*m + 2*i. Let o(n) = -10*n. Calculate o(m).
-10
Let c(f) = -f - 3*f - 2*f + 1. Suppose 0 = 4*i - 8*i - 4*j - 4, 2*j = -4. What is c(i)?
-5
Let k(b) = b**2 - 3*b - 4. Let i(q) = -q + 10. Let t be i(6). Suppose t = -g + 8. Determine k(g).
0
Let c(a) = -a**3 - 5*a**2 + 5*a - 1. Let n = 54 - 60. Calculate c(n).
5
Let h(u) be the second derivative of u**4/12 + u**3 - 3*u**2/2 + 50*u. Suppose 0 = -4*a + 4*v + 4, -8*a - 31 = -3*a + 4*v. What is h(a)?
-12
Let u(w) = w**2 + 3. Suppose 5*i + 2 = -3. Suppose 5*v = -9 + 4. Let z = i - v. What is u(z)?
3
Let p(q) = 7*q - 2. Let t = 19 + -13. Let a(c) = -13*c + 4. Let d(x) = t*a(x) + 11*p(x). Suppose -2*s = 3*s + j - 26, -j = -4*s + 19. Determine d(s).
-3
Suppose -4 + 18 = 2*g. Let q(z) = -z**3 + 7*z**2 + 3*z. Give q(g).
21
Let o(y) = y**2 + 5*y + 1. Let b be o(-5). Let u = -3 + b. Let p(h) = 3 - h - h - 2. What is p(u)?
5
Let r(n) = n**2 + 3*n - 4. Let j be r(-4). Let m = 3 + j. Suppose 2*z - 2*c - m*c + 16 = 0, c = -z - 1. Let t(f) = -f**2 - 3*f - 1. Calculate t(z).
-1
Let y(g) be the first derivative of 7*g**2/2 - g - 1. Suppose t - 1 = -0. Determine y(t).
6
Let m(o) = -o**2 + 5*o + 2. Let b be m(6). Let x(w) = -w**2 - 4*w - 2. Give x(b).
-2
Let g(t) = 8*t. Let d(j) = -15*j. Let q(i) = -3*d(i) - 5*g(i). Calculate q(4).
20
Let j(c) = -7 + 3 - 5 + 4*c. Let z(u) = -5*u + 10. Let s(n) = 6*j(n) + 5*z(n). What is s(-4)?
0
Let i(a) = -a**2 + 11*a - 9. Let c be 12/8*(6 - 0). What is i(c)?
9
Let g(c) be the third derivative of -c**4/12 - c**3/3 + 8*c**2. Give g(-5).
8
Let m(p) = -7*p**3 - 14*p + 9*p + 2*p + 4*p + p**2. Suppose 18 = -3*q + 5*z, -4*q + z = 13 - 6. What is m(q)?
7
Let d(g) = 19*g - 4. Suppose 0 = -5*k - 4*j - 6, 5*j + 38 = 5*k + 8. Let y(b) = 6*b - 1. Let x(o) = k*d(o) - 7*y(o). Suppose 2 - 10 = 4*s. Give x(s).
7
Let p(t) be the second derivative of 0 - 1/6*t**3 - 3*t - 1/12*t**4 + 1/2*t**2. Give p(-4).
-11
Let s(m) = -2*m - 2. Let y = -2 - -2. Suppose 0 = i, -4*o + y*i = 2*i - 32. Suppose 0 = 3*q - o*q - 10, -5*z - 5*q = 30. Calculate s(z).
6
Let f(r) = 4*r + 3. Let q(v) = v**2 - 5*v + 4. Let i = 17 - 12. Let o be q(i). Suppose -o*c + 2*c - 4 = 0. What is f(c)?
-5
Let m be (0 - 10)*(-3)/6. Let w(u) = u**2 - 5*u + 2. What is w(m)?
2
Suppose -4*b = -1 - 11. Let o(h) = -h**3 + 2*h**2 + 3*h + 2. What is o(b)?
2
Let z(n) = n**3 + 8*n**2 + 5*n - 5. Let d be (-103)/15 - 2/15. What is z(d)?
9
Let w = 1 + -1. Suppose w = q - 3*q + 10. Let k(a) = -a + 5. Determine k(q).
0
Let u(s) be the first derivative of -s**2/2 + 7*s + 10. Give u(4).
3
Let m = -2 + 0. Let f(a) be the first derivative of a**2 + 1/3*a**3 + 1 - a. Calculate f(m).
-1
Let z(l) = -l**2 + 9*l - 9. Suppose -5*c + 2 + 8 = 0, 4*c = r. Give z(r).
-1
Suppose -q + 3 = -0. Suppose q*t = t - 8. Let o(w) = -w - 6. Let n be o(t). Let r(k) = 2*k + 3. What is r(n)?
-1
Let v(u) be the first derivative of -u**4/4 - 5*u**3/3 + 4*u + 3. What is v(-4)?
-12
Let r(h) = -h + 6. Let j(m) be the second derivative of -m**5/20 + 3*m**4/4 + 11*m**3/6 - 5*m**2/2 + 3*m. Let t be j(10). Calculate r(t).
1
Let r(i) = -2 - i - 2 + 1 + 2. What is r(-6)?
5
Let y(r) = r**3 + 2*r - 8*r**2 + 5*r + 5 - 1. Give y(7).
4
Let m(y) be the third derivative of -y**5/30 + y**4/6 - y**3/3 - y**2. Let z be (-209)/(-114) - (-2)/12. What is m(z)?
-2
Suppose -4*n - 2*v = 24, -3*n + 3*v - 21 = 6*v. Let i be (-2)/5 - (160/(-25) + -4). Let f = n + i. Let r(k) = k**3 - 4*k**2 - 2*k - 6. Determine r(f).
9
Let y(a) = a**2 + 7*a + 6. Suppose f + 5*j = 9, 3*f - 3*j + 27 = -0*j. What is y(f)?
0
Let p(w) = w + 10. Let n be p(-7). Suppose a + 2 = n*a. Let u(z) = -a + 2 + z - 5. Give u(5).
1
Let r(j) be the first derivative of j**3/3 - j**2 - 3*j - 2. Let m(f) be the first derivative of r(f). Calculate m(3).
4
Let x(t) = 2*t**3 - 2*t**2 - 3*t + 3. Let y(s) = 5*s**3 - 5*s**2 - 7*s + 7. Let r(a) = 7*x(a) - 3*y(a). Determine r(-1).
2
Suppose 0*m = 4*m. Let a(p) be the first derivative of -1/2*p**2 - 8*p - 2. Calculate a(m).
-8
Let t(n) be the third derivative of -n**5/60 - n**4/4 - n**3/3 - 38*n**2. Determine t(-5).
3
Le